. Calculate y(-4).
-4
Let j be (0 + -1)*-1 + (-8 - -7). Let x(g) = -g**3 - g**2 - g - 10. Calculate x(j).
-10
Let s be 0/((-7)/4 + 16/(-64)). Let i(v) = v**2 - 3*v - 3. Let o be i(4). Let b(n) = -n**2 + 3*n**2 + n**3 - n - n**2 - o. Calculate b(s).
-1
Suppose 0 = 2*v + 6, 0 = 4*n + v - 1 + 28. Let x(u) = u + 1. What is x(n)?
-5
Let t(n) be the first derivative of -3 - 3*n**2 + 6*n + 1/3*n**3. Let p = 13 + -8. Determine t(p).
1
Let x(w) = w + 12. Let y be x(-9). Let j(n) = 2*n**2 - 2*n - 4. Determine j(y).
8
Let u(h) = 8 + h**2 + 5 + h**3 - 10. Let c = 4 + -7. Let q(o) = -o**3 - 2*o**2 + 3*o. Let a be q(c). Determine u(a).
3
Let k(n) = -n. Let q(j) = 5*j + 10. Let u(y) = -6*k(y) - q(y). Suppose 17 = -i + 4*i - 2*s, -i + s + 6 = 0. Calculate u(i).
-5
Suppose 5*k = -4*i, 2*i + 6 + 12 = 2*k. Let c = k - 3. Let b(m) = 8*m**2. Give b(c).
8
Let s(c) = -4*c - 1. Let b(d) = 11 - 3 - d**2 + 1 - 6*d. Let w be b(-7). Determine s(w).
-9
Let x be -4 - (-4)/8*0/(-6). Let y(s) = -3*s. What is y(x)?
12
Let x be -6*-3*2/4. Let d(w) = 2*w + x*w - 4*w. Suppose 0 = f - 2 + 1. Give d(f).
7
Let d be (-13)/5 + 2/(-5). Let u(k) be the second derivative of -2/3*k**3 + k**2 - 1/12*k**4 + k + 0. Determine u(d).
5
Let n = -13 - -8. Let x(d) be the first derivative of d**4/4 + 4*d**3/3 - 5*d**2/2 + 3*d + 30. What is x(n)?
3
Let k(j) = -j - j**2 + 1 + 3*j + 3*j. Suppose s + 25 = 6*s. Suppose -d + 24 = 2*x - s*d, 0 = 3*x + 4*d + 4. Calculate k(x).
5
Let l(a) = a**2 - 4*a - 1. Let w be (-4)/6*-3 + (-21)/(-7). What is l(w)?
4
Let c be (4/(-10))/(1/15). Let w(n) = n + 14. Calculate w(c).
8
Let n = 9 + -3. Let g(w) = 3*w - 3. Determine g(n).
15
Let s = -1 + 0. Suppose -4*c = -24 - 8. Let n(h) = -4*h - h + 5*h + c*h. What is n(s)?
-8
Let l be (-1 + 0)/(-2 - -1). Let f be l/(-4) + 2/8. Let i(u) = 7*u + 15. Let b(d) = -3*d - 7. Let c(j) = 5*b(j) + 2*i(j). What is c(f)?
-5
Let b(t) = -t - 13 - 18 + 34. Give b(7).
-4
Let q(i) = -i**3 + 16*i**2 - 15*i + 3. Let m be q(15). Let x(n) be the third derivative of n**6/120 - n**5/30 - n**3/2 - n**2. What is x(m)?
6
Let n(p) = p**2 + p - 1. Let a(q) = 8*q + 9. Let m(v) = -a(v) - n(v). What is m(-7)?
6
Let f(z) = 8*z + 1. Let n(j) = -17*j - 3. Let i(m) = 9*f(m) + 4*n(m). Give i(-3).
-15
Let w(u) = 10 - u**3 - u**2 - 11 + 0*u**3 + 3*u. Let d = -7 + 4. Determine w(d).
8
Let y(o) = -o**2 - 5*o - 2. Suppose 5*z - 41 = 4*q, q + 6 = 2*q + 2*z. What is y(q)?
2
Suppose 4*y + 2*z = -4, -3*y + 2*z - 3 = -2*z. Let v = -2 + y. Let g(o) be the second derivative of o**4/12 + 2*o**3/3 - 2*o**2 - 10*o. Give g(v).
-7
Let v(k) = -k - 3. Suppose 0 = 3*b - t - 11 + 1, -4*b + t = -15. What is v(b)?
-8
Let i(g) = 5*g + 1. Let u(j) = -1. Let m(d) = -i(d) - 2*u(d). Let w be (-2)/5 + (-168)/30. Let q be ((-2)/(-4))/(3/w). Calculate m(q).
6
Let p(f) be the third derivative of f**4/6 + 5*f**3/6 + 3*f**2. Let k(q) = -2*q - 2. Let m(a) = -11*k(a) - 6*p(a). Give m(-6).
4
Suppose -4*s + 8*s - 24 = 0. Let a(t) = -t**3 + 7*t**2 - 4*t - 8. Determine a(s).
4
Let p = 21 - 24. Let c(q) = q**3 + 3*q**2 + q + 3. Let h be c(p). Let n(m) = m - 7. Calculate n(h).
-7
Suppose -4 = 5*k + 16. Let i(m) = m**2 + m - 1. Calculate i(k).
11
Let r(c) = c**3 + 4*c**2 + c - 2. Let v(i) = -i**2 - 9*i - 4. Let n be v(-9). What is r(n)?
-6
Let k = -5 - -8. Suppose n - 6*n = -5. Let y(c) = -2*c + n - c**k - 8*c**2 + 0*c + 4*c**2. Give y(-3).
-2
Let f(o) = o**3 - 2*o**2 - 3*o - 4. Suppose -1 = -3*r + 8. Let j = r - 0. Give f(j).
-4
Let t(h) be the third derivative of -h**6/120 - 7*h**5/60 + 7*h**4/24 + 11*h**3/6 - 22*h**2. Determine t(-8).
19
Let a(c) = c**2 + 3*c + 3. Let d(j) = -j**2 - 2*j - 4. Let q(b) = 4*a(b) + 3*d(b). Give q(-3).
-9
Suppose 0 = -2*g + g + 2. Let p(m) = -231*m - 3 + 231*m + m**g. Give p(-4).
13
Let x = 17 - -20. Let j = 37 - x. Let o(r) be the second derivative of -r**5/20 - r**4/12 - r**3/6 + 6*r**2 + r. Calculate o(j).
12
Let j(v) = -25*v + 15. Let b(d) = -5*d + 3. Let s(o) = -11*b(o) + 2*j(o). Suppose 8 = 5*r - r. What is s(r)?
7
Let u = -59 - -709/12. Let q(i) be the second derivative of 0 - u*i**4 + 0*i**3 + 0*i**2 - i. What is q(-2)?
-4
Let d = 93 - 97. Let t(z) = -2*z - 5. Give t(d).
3
Let p = -1 - -4. Let u = -3 - p. Let d(f) = f**2 + 6*f - 3. What is d(u)?
-3
Let v(c) = c**2 - 7*c + 3. Suppose 0 = -35*q + 31*q + 20. Calculate v(q).
-7
Let m(w) = -4*w**3 + 0*w**3 + 5 + w**3. Let j(o) = -o**3. Let t(l) = -4*l**3 + 1. Let k(p) = -5*j(p) + t(p). Let u(r) = 6*k(r) - m(r). Give u(1).
10
Let b(w) = -7*w**2 + 12*w - 7. Let j(y) = -10*y**2 + 18*y - 11. Let c(i) = 7*b(i) - 5*j(i). Suppose -10*s + 24 = -4*s. Calculate c(s).
-2
Let y(n) = 3*n**2 + 9*n - 9. Let r be -1*(-3)/((-3)/16). Let t be r - (-1)/3*-3. Let h(c) = -c**2 - 3*c + 3. Let v(a) = t*h(a) - 6*y(a). Determine v(2).
-7
Let d = -2 + 8. Let t(q) = d*q - 2*q - 8*q - 2. Let u = -8 - -5. Calculate t(u).
10
Let v = 13 + -16. Let b(y) = y**2 + 3*y + 1. Give b(v).
1
Let n(s) = -4*s - 4. Let v(i) = i**3 - 16*i**2 - 3*i + 45. Let a be v(16). What is n(a)?
8
Let o(s) = -s - 11. Let j(d) be the second derivative of -d**5/24 + d**4/6 - d**3/3 - 4*d. Let x(b) be the second derivative of j(b). Let p be x(2). Give o(p).
-5
Let z(s) = 2*s - 3. Let d(q) = -5*q + 4 + 2*q + 2*q - 2. Let w(y) = -5*d(y) - 4*z(y). Give w(2).
-4
Let j(q) = 4*q**3 - q**2 + 5*q + 3. Let l(k) = k**3 - k**2 + k. Let r(y) = j(y) - 5*l(y). Give r(4).
3
Let q be 4/(-8) + 14/4. Let w(z) = q*z + 4*z - z - 10 - 5*z. Calculate w(6).
-4
Let f(w) be the third derivative of -w**4/24 - 5*w**3/3 - w**2. Calculate f(-8).
-2
Suppose 12 = -2*p + 2. Let z(f) be the third derivative of f**6/120 + f**5/15 - f**4/4 - f**3/6 - 7*f**2. Give z(p).
4
Suppose u + u = 0. Let m(y) = 4*y - 5 - 3*y + y**3 + 0*y + 0*y. What is m(u)?
-5
Let v(p) = 2*p + 7. Let w = 31 + -13. Let s = w - 23. Calculate v(s).
-3
Suppose 5*g - 6 = 2*g. Suppose k = 2 + g. Let r(f) = -f + 3. Give r(k).
-1
Let q = 5 - 9. Let x(u) = -u**3 - 3*u**2 + 5*u + 1. Calculate x(q).
-3
Suppose 2*i = -v + 18, 2*i + 7*v = 2*v + 26. Let p(h) = 1 + 5 - i*h + h**2 + 1. Determine p(5).
-8
Let b = -2 - 5. Let j(z) = -z - 9. Let q be j(b). Let n(i) = -i**3 - i**2 - 3*i - 2. What is n(q)?
8
Let j be (-17)/(-3) + 6*(-3)/(-54). Let p(a) = -a + 9. Calculate p(j).
3
Let k(z) = -3*z - 3. Suppose -4*q + 13 = 3*m, -3*q - 4*m = -7*m + 6. Suppose -7 = 4*l + q. Determine k(l).
3
Let h(i) = -4*i - 1. Let v(g) = -5*g - 1. Let o(a) = -4*h(a) + 3*v(a). Calculate o(4).
5
Let m(s) be the third derivative of -s**4/12 + 2*s**3/3 + s**2. Suppose -j + 0*j + 4 = 0. What is m(j)?
-4
Let r(m) be the third derivative of -m**4/3 + m**3/6 + 19*m**2. Calculate r(-2).
17
Let k be 1/(-2)*(3 + 19). Let x = -15 - k. Let r(a) = -a**3 - 4*a**2 - 3. Give r(x).
-3
Suppose 5*y + 4 = -6. Let l(k) be the third derivative of k**5/20 + k**4/24 + 15*k**2. Give l(y).
10
Let n(f) = -4 + 4*f - 3*f + 2*f - 3. What is n(5)?
8
Let h(r) be the second derivative of -r**4/4 - r. Let d(k) = -k**3 - 4*k**2 - 6*k - 8. Let x be d(-3). Calculate h(x).
-3
Let d(r) = -2*r + 19. Let n be d(11). Let f(z) = z + 1. Determine f(n).
-2
Let r = 7 + -5. Suppose 5*m + o - 22 = 0, 5*o + 14 = 5*m + r*o. Let q(s) = 4*s - s**2 - 50 - 47 + 102. Determine q(m).
5
Let p(k) be the second derivative of 1/2*k**3 + 0 - 6*k + 1/12*k**4 + k**2. What is p(-4)?
6
Let l(s) be the second derivative of s**5/20 + 5*s**4/12 - 4*s**3/3 - 2*s**2 - 21*s. Calculate l(-6).
8
Let b(x) = -x + 2. Let p(m) = -3 + 1 + 3*m - 3*m + m. Let y(j) = -6*b(j) - 5*p(j). Calculate y(-2).
-4
Let h(x) be the first derivative of 11*x**4/4 - x**3/3 - 20. Give h(1).
10
Let n(b) = b**2 - 3. Let v(s) = -2*s**2 - s + 4. Let w(m) = 4*n(m) + 3*v(m). Give w(-2).
-2
Let j = 6 + -5. Let q(g) = -11*g + 1. What is q(j)?
-10
Let g(b) = -b**2 - 3*b + 1. Suppose 4*k + 0*k + 16 = 0. Let a(c) = -c**2 - 5*c + 5. Let f be a(k). Let m(o) = o**2 - 8*o - 13. Let l be m(f). Calculate g(l).
-3
Let f = -4 + 9. Let j(o) = 2 - f*o - 3 + 9*o + 4. Determine j(-3).
-9
Let g(v) = -9*v**3 - 8*v**2 - 15*v - 4. Let z(h) = 4*h**3 + 4*h**2 + 7*h + 2. Let n(q) = -3*g(q) - 7*z(q). Let c be 6/4*(0 + -2). Give n(c).
1
Let y(v) = -13*v**3. Let d be 2*1 - ((-35)/7)/(-5). Give y(d).
-13
Let w(h) = -h**2 - 2*h + 2. Suppose 0 = f + 4*k - 3, -14 = -3*f - 5*k - 5. Suppose f*d + 6 + 9 =